he first derivative of -5 - 1/2*f**2 + 0*f. Let q(r) = -r**3 + 5*r**2 + 6*r + 5. Let j be q(6). Calculate t(j).
-5
Let u(r) = -r**3 - 2*r**2 - 2*r**2 + 0 + 6 + 3*r. Let z(g) be the first derivative of g**3/3 + 7*g**2/2 - 82*g + 3. Let h be z(-13). Determine u(h).
-6
Let r(f) = -2*f**2 - 7*f + 2. Let m(n) = n + 7. Let y be m(-2). Suppose -w = -c, 5*c - 3*c - 15 = y*w. Calculate r(w).
-13
Let m(a) be the third derivative of a**5/60 - a**4/6 - a**3/3 + 8*a**2 + 5. Suppose -14 = -z - 3*x, -6*z + 40 = -z + 5*x. Let s = -1 + z. What is m(s)?
-2
Suppose 7*v - 3*v = w + 10, -w - 4*v = -14. Let j(d) = 2*d**2 + 3*d - w*d - 3*d**2 - 3 - 3*d. Let r(s) = -2*s**3 - 14*s**2 - 3. Let z be r(-7). Calculate j(z).
-6
Let h(j) = -2*j. Let x(v) = -2*v + 1. Let w(n) = n**3 + 2*n**2 - 3*n - 2. Let t be w(-2). Let b(o) = t*x(o) - 3*h(o). What is b(3)?
-2
Let r(c) = c**3 + 15*c**2 - 16*c + 8. Let w be (32*1)/(48 + -50). What is r(w)?
8
Let k(j) be the first derivative of -j**3/3 - 4*j - 173. Determine k(-3).
-13
Let k(q) = -5*q**3 + 27*q**2 + 5*q**3 - 3*q**3 + 2*q**3 - 17 + 31*q - 14*q**2. Determine k(15).
-2
Let w(b) = -5 - 22*b**3 + 11*b**3 + 12*b**3 + 4*b + 2 - 7*b**2. Let p = 6 + 0. What is w(p)?
-15
Let u(q) be the second derivative of -q**5/20 - q**4/6 - q**3/6 - 2*q**2 - q. Let r = 1141 - 1144. Determine u(r).
8
Let s(p) = -p - 1. Let u be s(-6). Suppose -6*d + 7*d = u. Suppose -3*f - 1 = -5*z - 0*z, d*f = -z + 17. Let a(t) = -t**3 + 2*t**2 - 2*t - 1. Give a(z).
-5
Let d(t) = 3*t**2 - 11*t + 1. Let h(n) = n**2 - 5*n. Let j(w) = w. Let l be j(-5). Let q(k) = l*h(k) + 2*d(k). Give q(-3).
2
Let q be -5 + (-3)/(-1) + -58*1. Let a = q - -59. Let d(f) = 8*f**3 - 5*f**2 - f + 5. Let z(o) = o**2 - 1. Let w(v) = d(v) + 5*z(v). Give w(a).
-7
Let r(c) = -c**2 + 7*c - 4. Let k = 95 + -103. Let z be (-3)/((-4)/k - 1) - 0. Give r(z).
2
Let u = 45 - 63. Let k = u + 19. Let d(m) = 8*m - 1. What is d(k)?
7
Let c = 1 + 1. Let o = c + 3. Let k(g) = -19*g**3 + 28*g**2 - g + 5. Let u(n) = -26*n**3 + 38*n**2 - 2*n + 6. Let p(i) = -11*k(i) + 8*u(i). Calculate p(o).
-7
Suppose -t + 39 = 4*t + 4*n, 0 = -2*t - 2*n + 16. Suppose -11 = -3*a + t. Let x(i) = -5*i**2 + 0*i**2 + 3*i**2 + 3 - 4*i + a*i. Determine x(-2).
-9
Let g(x) = -x**2 - 6*x - 5. Let z be (5 - -2 - 10)*1. What is g(z)?
4
Let f(i) = -6*i + 4 - 6 + 2*i + 2*i - 9. What is f(8)?
-27
Let c(z) = -z - 3*z**2 + 33*z**3 + 3*z - z**2 - 34*z**3 - 2 - 6*z. Let p = -10 - -19. Let l = 6 - p. Calculate c(l).
1
Let l(o) = o - 3. Let j(n) be the second derivative of 0 + 0*n**3 - 1/3*n**4 + 8*n + 1/2*n**2. Let h be j(-1). Determine l(h).
-6
Suppose f = 2*c - 6, -23 = -2*f + 11*c - 14*c. Let m(k) = k**2 + k - 12. What is m(f)?
8
Suppose 1 - 13 = -4*y. Suppose y*b + 24 = -3*b. Let v(t) = -t**3 - 3*t**2 + 4*t - 1. What is v(b)?
-1
Let d = -579 + 1159/2. Let v(t) be the second derivative of 3*t + d*t**2 + 1/6*t**3 + 1/4*t**4 + 1/20*t**5 + 0. Calculate v(-2).
3
Let k(p) = -p**3 + 8*p**2 - 2*p + 17. Let d be k(8). Let n(s) = -s**2 + s - 1. Let b(t) = t**2 - 5*t + 5. Let w(v) = d*b(v) + 4*n(v). Give w(-2).
-9
Suppose 3 = -d - 0. Let f(l) = 2*l**2 - 33*l + 27*l - l**3 - 9*l**2. Let u(g) = -g**2 - g + 1. Let t(a) = f(a) - 3*u(a). What is t(d)?
-3
Let d(u) = -u. Let f(c) be the third derivative of -c**6/120 + c**5/10 + c**4/24 - c**3/3 + 2*c**2. Let w be f(6). Suppose 5*r - w*r = 0. Give d(r).
0
Let b(t) = -t**3 - 7*t**2 - 6*t + 5. Let l be (-9 + 41/4)*-4. What is b(l)?
-15
Let w(o) = 5*o**2 - o + 1. Let r be w(1). Suppose 3*u - 1 - 56 = 0. Let i(y) = 31 - u - 13 - y. Give i(r).
-6
Let h(m) = -2*m - 356*m**2 + 0*m + 357*m**2 - 2 - 1. Give h(5).
12
Let y = -1 + 1. Let s(z) = 5*z + 10*z - 24*z + 4 + 7*z. Let l be s(y). Let c(j) = j**3 - 5*j**2 + 5*j - 3. What is c(l)?
1
Let h be 2/(-3) + 3/(-27)*3. Let p(n) be the third derivative of -n**5/60 - n**4/12 - n**3/6 - 2*n**2. What is p(h)?
0
Let n be (0 + 1)*(-15)/15. Let a be (-9)/(18/(-4))*(-3)/n. Let c(l) = l**3 - 5*l**2 - 5*l - 8. Calculate c(a).
-2
Let x(u) = -u**3 - 3*u**2 - 5*u - 6. Let k(l) = l**3 + l**2 + l + 1. Let f(q) = -5*k(q) - x(q). Calculate f(1).
-5
Let o(f) = -f**3 - 5*f + 2*f**2 + 2*f**3 + 3*f + f - 7*f**3. What is o(1)?
-5
Let v(b) = 2*b**2 + 10*b - 10. Let z = -257 + 251. Determine v(z).
2
Let v = -2 + 7. Let c(m) = m**3 + 4*m + 4*m + 0*m**3 - 11*m + 2262 - 4*m**2 - 2264. Give c(v).
8
Let y = -120 + 119. Let a(u) = 14*u - 2. Determine a(y).
-16
Suppose -4*n + n + 5*s = 0, -2*n = 3*s. Let h be (-4)/6 - 56/(-12). Let r(w) = 1 - h*w - 2 + n. Determine r(1).
-5
Suppose 5*q + 3*l = 4*l - 40, 4*l = 0. Let x = 12 + q. Let b = 9 - x. Let o(j) = -j**2 + 5*j - 4. Calculate o(b).
-4
Let t(o) = 11*o**3 - 7*o**2 + 91*o + 29. Let j(h) = -2*h**3 + h**2 - 15*h - 1. Let w(c) = 6*j(c) + t(c). Suppose 0 = 2*f - 3*k, f - 4*k = -2*f. Determine w(f).
23
Let i(y) be the third derivative of -y**4/12 - y**3/3 + 331*y**2. Calculate i(7).
-16
Let k(u) = 1616*u**2 - 1 - u - 3*u + u**3 - 1621*u**2. Calculate k(5).
-21
Suppose -h + 5*g = -25, -g = 7*h - 3*h - 79. Suppose -4*z + h = -0. Let f(m) = 1 - 8 + 4*m - m. Determine f(z).
8
Let w be 42/(-10) + (-4)/(-15)*-3. Let x(i) = 4*i - 4. Give x(w).
-24
Let i = 26 + -23. Let g(l) = 7*l + i - 2*l - 6*l - 2. Determine g(0).
1
Let u(t) = -81*t + 22*t + 50*t - 3. Determine u(-2).
15
Let r(h) = -h**2 - 6*h - 2. Suppose -120 = 14*y + 6*y. Give r(y).
-2
Let k = -4 + 4. Let g = 3 - k. Let t(r) be the third derivative of -r**5/60 + r**4/8 - r**3/6 + 3*r**2 + 33*r. Give t(g).
-1
Let o(j) = -j**2 + 5*j - 4. Suppose p - 5*p = -44. Let z = 14 - p. Let y be o(z). Let v(f) = -2*f**3 + 3*f**2 - 2*f + 2. Determine v(y).
-6
Let t(r) = -r**3 - 5*r**2 - r. Let a = -49 + 10. Let v be (-4)/26 + 72/a. Give t(v).
-10
Let i(q) = -11*q**2 - 2*q. Let c(g) = 2 + 3 - 5 + 1. Let y(m) = 5*m**2 + m + 2. Let f(p) = 2*c(p) - y(p). Let j(d) = -7*f(d) + 3*i(d). Give j(1).
3
Let v(x) be the third derivative of -3*x**2 + 0*x - 1/12*x**4 + 0 - 1/60*x**6 + 0*x**5 - 1/6*x**3. Calculate v(-1).
3
Let k(p) = -p - 7. Let l(d) = -d - 6. Let q(z) = -6*k(z) + 7*l(z). Let v be 3/8 + (-1 - 210/(-80)). Let c be q(v). Let n(j) = 3*j - 1. Give n(c).
-7
Let m(l) = 4*l + 21. Let j(r) = -2*r - 11. Let w(h) = -7*j(h) - 4*m(h). Let n(k) = 3*k + 37. Let v be n(-14). What is w(v)?
3
Let p(y) = -y**2 + 8*y - 4. Let z = -19 - -23. Suppose -h - 2*h + 12 = 0, -4*h = -z*s + 8. Give p(s).
8
Let o = -43 + 60. Suppose 3*l + 3*r = 36, 4*r - o = -l + 10. Let h(w) = w**2 - 7*w + 7. Give h(l).
7
Let t(m) = -2*m**3 - 6*m**2 - 3*m - 5. Suppose -61 = 34*y + 75. What is t(y)?
39
Let o(h) = h - 1. Let z be (-2)/8 + (-26)/(-8). Suppose 0 = -6*n + 2*n + 5*f + 15, -z = -n + 2*f. Calculate o(n).
4
Let t(a) be the third derivative of 1/4*a**4 + 0*a + 0 + 1/24*a**5 - 1/3*a**3 - 2*a**2. Let h(v) be the first derivative of t(v). What is h(-4)?
-14
Let c(t) be the second derivative of t**5/20 + t**4/12 - t**3/6 + 13*t**2/2 + 16*t + 3. Let z = -2 - -2. Give c(z).
13
Let d(v) = 4*v + 4*v**3 - 2*v**2 + 0*v**3 - 5*v**3 - 2. Let u(j) = 7*j - 5. Let z be (25/5 - 4) + 0. Let s be u(z). Determine d(s).
-10
Let u = 13 + -10. Suppose -2*q = i - 4, 7 = -3*q + u*i + 31. Suppose 0 = y + 10 - q. Let g(p) = p**3 + 5*p**2 - 6*p. Calculate g(y).
0
Let q be -2 + 64/28 - (-132)/28. Suppose 0 = -h + 3*z, -3*z = -3*h - z. Let m(u) = -2*u - 3 + h - 1 + 3 + u**2. What is m(q)?
14
Suppose q = -5*w - 38, 0*w - 82 = 5*q - 2*w. Let o(x) = x**3 + 17*x**2 - 20*x - 32. Give o(q).
4
Suppose -6 = -7*o + 15. Let g(h) be the first derivative of 7 - 7/2*h**2 + 6*h + 1/3*h**o. What is g(5)?
-4
Let x(d) = 4*d + 27. Let l(j) = -2*j - 14. Suppose -p + 1 - 4 = 0. Let z(f) = p*x(f) - 5*l(f). What is z(-8)?
5
Let d(q) = 5*q + 153. Let n be d(-31). Let c(s) = -11*s**3 - 2*s**2 - 8*s + 3. Let l(u) = 7*u**3 + u**2 + 5*u - 2. Let v(f) = -5*c(f) - 8*l(f). What is v(n)?
17
Suppose 0*i + 5*i = 10. Let o(v) = 6*v**i + 4*v + v**3 - 2 + 1 - v**2. Calculate o(-3).
5
Let u(i) = i**3 + i**2 - 7*i - 5. Let p(c) = c**3 + 2*c**2 - 8*c - 6. Let a(f) = 4*p(f) - 5*u(f). Give a(4).
-3
Let u = 21 - 19. Let y(w) = w**3 - u*w - 2*w + 3 + 3*w - 2. Let m be -6*1*(-15)/45. What is y(m)?
7
Let i(w) = 2*w - 1. Let f be 752/144 - 4/18. Suppose f = 4*a - 11. Suppose 3*h = 4*k + 20, 2*h = -3*k - 2 + a. Give i(k).
-5
Let 